{"id":3789,"date":"2023-04-19T11:03:18","date_gmt":"2023-04-19T11:03:18","guid":{"rendered":"http:\/\/greenify-demo.pbminfotech.com\/demo1\/?page_id=3411"},"modified":"2024-11-02T06:36:10","modified_gmt":"2024-11-02T09:36:10","slug":"quem-somos","status":"publish","type":"page","link":"https:\/\/brotasbiketour.com.br\/?page_id=3789","title":{"rendered":"Quem Somos"},"content":{"rendered":"\t\t<div data-elementor-type=\"wp-page\" data-elementor-id=\"3789\" class=\"elementor elementor-3789\">\n\t\t\t\t\t\t<section class=\"elementor-section elementor-top-section elementor-element elementor-element-d79c988 pbmit-section-line-yes pbmit-cursor-color-global-color pbmit-col-stretched-none pbmit-bg-color-over-image elementor-section-boxed elementor-section-height-default elementor-section-height-default\" data-id=\"d79c988\" data-element_type=\"section\" data-settings=\"{&quot;background_background&quot;:&quot;classic&quot;}\">\n\t\t\t\t\t\t<div class=\"elementor-container elementor-column-gap-no\">\n\t\t\t\t\t<div class=\"elementor-column elementor-col-50 elementor-top-column elementor-element elementor-element-31612f3 pbmit-bg-color-over-image\" data-id=\"31612f3\" data-element_type=\"column\">\n\t\t\t<div class=\"elementor-widget-wrap elementor-element-populated\">\n\t\t\t\t\t\t<div class=\"elementor-section elementor-inner-section elementor-element elementor-element-fb560a3 pbmit-col-stretched-none pbmit-cursor-color-blackish-color pbmit-bg-color-over-image elementor-section-boxed elementor-section-height-default elementor-section-height-default\" data-id=\"fb560a3\" data-element_type=\"section\">\n\t\t\t\t\t\t<div class=\"elementor-container elementor-column-gap-no\">\n\t\t\t\t\t<div class=\"elementor-column elementor-col-50 elementor-inner-column elementor-element elementor-element-57b9d13 pbmit-bg-color-over-image\" data-id=\"57b9d13\" data-element_type=\"column\">\n\t\t\t<div class=\"elementor-widget-wrap elementor-element-populated\">\n\t\t\t\t\t\t<div class=\"elementor-element elementor-element-b7b0703 pbmit-animation-style1 elementor-widget elementor-widget-image\" data-id=\"b7b0703\" data-element_type=\"widget\" data-widget_type=\"image.default\">\n\t\t\t\t<div class=\"elementor-widget-container\">\n\t\t\t<style>\/*! elementor - v3.23.0 - 05-08-2024 *\/\n.elementor-widget-image{text-align:center}.elementor-widget-image a{display:inline-block}.elementor-widget-image a img[src$=\".svg\"]{width:48px}.elementor-widget-image img{vertical-align:middle;display:inline-block}<\/style>\t\t\t\t\t\t\t\t\t\t<img fetchpriority=\"high\" decoding=\"async\" width=\"600\" height=\"988\" src=\"https:\/\/brotasbiketour.com.br\/wp-content\/uploads\/2024\/09\/antoniocarlos.jpeg\" class=\"attachment-full size-full wp-image-4257\" alt=\"\" \/>\t\t\t\t\t\t\t\t\t\t\t\t\t<\/div>\n\t\t\t\t<\/div>\n\t\t\t\t\t<\/div>\n\t\t<\/div>\n\t\t\t\t<div class=\"elementor-column elementor-col-50 elementor-inner-column elementor-element elementor-element-c6dbba4 pbmit-bg-color-over-image\" data-id=\"c6dbba4\" data-element_type=\"column\">\n\t\t\t<div class=\"elementor-widget-wrap elementor-element-populated\">\n\t\t\t\t\t\t<div class=\"elementor-element elementor-element-5e63ec5 pbmit-animation-style2 elementor-widget elementor-widget-image\" data-id=\"5e63ec5\" data-element_type=\"widget\" data-widget_type=\"image.default\">\n\t\t\t\t<div class=\"elementor-widget-container\">\n\t\t\t\t\t\t\t\t\t\t\t\t\t<img decoding=\"async\" width=\"1440\" height=\"2560\" src=\"https:\/\/brotasbiketour.com.br\/wp-content\/uploads\/2024\/09\/20220119_094717-scaled.jpg\" class=\"attachment-full size-full wp-image-4258\" alt=\"\" srcset=\"https:\/\/brotasbiketour.com.br\/wp-content\/uploads\/2024\/09\/20220119_094717-scaled.jpg 1440w, https:\/\/brotasbiketour.com.br\/wp-content\/uploads\/2024\/09\/20220119_094717-768x1365.jpg 768w, https:\/\/brotasbiketour.com.br\/wp-content\/uploads\/2024\/09\/20220119_094717-864x1536.jpg 864w, https:\/\/brotasbiketour.com.br\/wp-content\/uploads\/2024\/09\/20220119_094717-1152x2048.jpg 1152w, https:\/\/brotasbiketour.com.br\/wp-content\/uploads\/2024\/09\/20220119_094717-820x1458.jpg 820w\" sizes=\"(max-width: 1440px) 100vw, 1440px\" \/>\t\t\t\t\t\t\t\t\t\t\t\t\t<\/div>\n\t\t\t\t<\/div>\n\t\t\t\t\t<\/div>\n\t\t<\/div>\n\t\t\t\t\t<\/div>\n\t\t<\/div>\n\t\t\t\t\t<\/div>\n\t\t<\/div>\n\t\t\t\t<div class=\"elementor-column elementor-col-50 elementor-top-column elementor-element elementor-element-914d041 pbmit-bg-color-over-image\" data-id=\"914d041\" data-element_type=\"column\">\n\t\t\t<div class=\"elementor-widget-wrap elementor-element-populated\">\n\t\t\t\t\t\t<div class=\"elementor-element elementor-element-d9f7502 elementor-widget elementor-widget-pbmit_heading\" data-id=\"d9f7502\" data-element_type=\"widget\" data-widget_type=\"pbmit_heading.default\">\n\t\t\t\t<div class=\"elementor-widget-container\">\n\t\t\t\t<div class=\"pbmit-heading-subheading pbmit-heading-subheading-style-1 pbmit-reverse-heading-yes\"><h2 class=\"pbmit-element-title\">\n\t\t\t\n\t\t\t\tComo tudo come\u00e7ou?\n\t\t\t\n\t\t\t<\/h2>\n\t\t<\/div>\t\t<\/div>\n\t\t\t\t<\/div>\n\t\t\t\t<div class=\"elementor-element elementor-element-0f2bce8 elementor-widget elementor-widget-text-editor\" data-id=\"0f2bce8\" data-element_type=\"widget\" data-widget_type=\"text-editor.default\">\n\t\t\t\t<div class=\"elementor-widget-container\">\n\t\t\t<style>\/*! elementor - v3.23.0 - 05-08-2024 *\/\n.elementor-widget-text-editor.elementor-drop-cap-view-stacked .elementor-drop-cap{background-color:#69727d;color:#fff}.elementor-widget-text-editor.elementor-drop-cap-view-framed .elementor-drop-cap{color:#69727d;border:3px solid;background-color:transparent}.elementor-widget-text-editor:not(.elementor-drop-cap-view-default) .elementor-drop-cap{margin-top:8px}.elementor-widget-text-editor:not(.elementor-drop-cap-view-default) .elementor-drop-cap-letter{width:1em;height:1em}.elementor-widget-text-editor .elementor-drop-cap{float:left;text-align:center;line-height:1;font-size:50px}.elementor-widget-text-editor .elementor-drop-cap-letter{display:inline-block}<\/style>\t\t\t\t<p>\u00a0A ideia surgiu da paix\u00e3o dos fundadores pela natureza e pelo ciclismo, combinada com o desejo de proporcionar experi\u00eancias \u00fanicas para os visitantes de Brotas.<\/p><p>Inicialmente, a empresa come\u00e7ou com passeios guiados em trilhas locais, explorando as belezas naturais da regi\u00e3o e promovendo a pr\u00e1tica do ciclismo em um ambiente seguro e divertido. Com o tempo, a Brotas Bike Tour expandiu suas ofertas, incluindo roteiros variados e pacotes personalizados, al\u00e9m de estabelecer parcerias com outras empresas de turismo de aventura em Brotas.<\/p><p>A miss\u00e3o da empresa sempre foi oferecer aventuras de mountain bike que permitem aos participantes explorar e apreciar a natureza de uma forma ativa e emocionante, destacando o potencial tur\u00edstico de Brotas como um destino para amantes do esporte e da natureza.<\/p>\t\t\t\t\t\t<\/div>\n\t\t\t\t<\/div>\n\t\t\t\t\t<\/div>\n\t\t<\/div>\n\t\t\t\t\t<\/div>\n\t\t<\/section>\n\t\t\t\t<section class=\"elementor-section elementor-top-section elementor-element elementor-element-df9ba31 pbmit-col-stretched-none pbmit-cursor-color-blackish-color pbmit-bg-color-over-image elementor-section-boxed elementor-section-height-default elementor-section-height-default\" data-id=\"df9ba31\" data-element_type=\"section\">\n\t\t\t\t\t\t<div class=\"elementor-container elementor-column-gap-default\">\n\t\t\t\t\t<div class=\"elementor-column elementor-col-100 elementor-top-column elementor-element elementor-element-84e3068 pbmit-bg-color-over-image\" data-id=\"84e3068\" data-element_type=\"column\">\n\t\t\t<div class=\"elementor-widget-wrap elementor-element-populated\">\n\t\t\t\t\t\t\t<\/div>\n\t\t<\/div>\n\t\t\t\t\t<\/div>\n\t\t<\/section>\n\t\t\t\t<div class=\"elementor-section elementor-top-section elementor-element elementor-element-5d5725f pbmit-text-color-white elementor-section-stretched pbmit-col-stretched-none pbmit-cursor-color-blackish-color pbmit-bg-color-over-image elementor-section-boxed elementor-section-height-default elementor-section-height-default\" data-id=\"5d5725f\" data-element_type=\"section\" data-settings=\"{&quot;stretch_section&quot;:&quot;section-stretched&quot;,&quot;background_background&quot;:&quot;classic&quot;}\">\n\t\t\t\t\t\t<div class=\"elementor-container elementor-column-gap-no\">\n\t\t\t\t\t<div class=\"elementor-column elementor-col-50 elementor-top-column elementor-element elementor-element-0143384 pbmit-bg-color-over-image\" data-id=\"0143384\" data-element_type=\"column\">\n\t\t\t<div class=\"elementor-widget-wrap\">\n\t\t\t\t\t\t\t<\/div>\n\t\t<\/div>\n\t\t\t\t<div class=\"elementor-column elementor-col-50 elementor-top-column elementor-element elementor-element-0aa4a36 pbmit-bg-color-over-image\" data-id=\"0aa4a36\" data-element_type=\"column\">\n\t\t\t<div class=\"elementor-widget-wrap\">\n\t\t\t\t\t\t\t<\/div>\n\t\t<\/div>\n\t\t\t\t\t<\/div>\n\t\t<\/div>\n\t\t\t\t<\/div>\n\t\t","protected":false},"excerpt":{"rendered":"<p>Como tudo come\u00e7ou? \u00a0A ideia surgiu da paix\u00e3o dos fundadores pela natureza e pelo ciclismo, combinada com o desejo de proporcionar experi\u00eancias \u00fanicas para os visitantes de Brotas. Inicialmente, a empresa come\u00e7ou com passeios guiados em trilhas locais, explorando as belezas naturais da regi\u00e3o e promovendo a pr\u00e1tica do ciclismo em um ambiente seguro e [&hellip;]<\/p>\n","protected":false},"author":1,"featured_media":0,"parent":0,"menu_order":3,"comment_status":"closed","ping_status":"closed","template":"","meta":{"_acf_changed":false,"inline_featured_image":false,"_joinchat":[],"footnotes":""},"class_list":["post-3789","page","type-page","status-publish","hentry"],"acf":[],"_links":{"self":[{"href":"https:\/\/brotasbiketour.com.br\/index.php?rest_route=\/wp\/v2\/pages\/3789","targetHints":{"allow":["GET"]}}],"collection":[{"href":"https:\/\/brotasbiketour.com.br\/index.php?rest_route=\/wp\/v2\/pages"}],"about":[{"href":"https:\/\/brotasbiketour.com.br\/index.php?rest_route=\/wp\/v2\/types\/page"}],"author":[{"embeddable":true,"href":"https:\/\/brotasbiketour.com.br\/index.php?rest_route=\/wp\/v2\/users\/1"}],"replies":[{"embeddable":true,"href":"https:\/\/brotasbiketour.com.br\/index.php?rest_route=%2Fwp%2Fv2%2Fcomments&post=3789"}],"version-history":[{"count":23,"href":"https:\/\/brotasbiketour.com.br\/index.php?rest_route=\/wp\/v2\/pages\/3789\/revisions"}],"predecessor-version":[{"id":4469,"href":"https:\/\/brotasbiketour.com.br\/index.php?rest_route=\/wp\/v2\/pages\/3789\/revisions\/4469"}],"wp:attachment":[{"href":"https:\/\/brotasbiketour.com.br\/index.php?rest_route=%2Fwp%2Fv2%2Fmedia&parent=3789"}],"curies":[{"name":"wp","href":"https:\/\/api.w.org\/{rel}","templated":true}]}}